. Calculate the highest common divisor of 9 and q.
9
Let s(b) = b**2 + 9*b + 7. Let q be s(-7). Let o(m) = m**2 + 4*m - 2. Let l be o(q). Calculate the highest common divisor of l and 19.
19
Suppose 2*a - 2 = 2*m, -3*m - 2 = -m - 3*a. Let l be (6/(-7))/(m/(-21)). Let f = -7 - l. What is the greatest common divisor of f and 77?
11
Let f(p) = p - 7. Let q be f(6). Let c be (1*3/q)/(-1). Suppose -c*d + 27 = -0*d. What is the highest common factor of 81 and d?
9
Let d = 34 + -8. What is the highest common factor of 13 and d?
13
Suppose -1 = -t + 4. Suppose 2*o + 4 = 2. Let a = o + 6. What is the greatest common factor of a and t?
5
Let o = 72 - 60. Let p be (-2)/(4/2)*-24. What is the highest common factor of o and p?
12
Let h(z) = z - 2. Let n be h(3). Let d = -76 - -83. Calculate the highest common divisor of n and d.
1
Let j = 1 - 2. Let b(n) = -n - 1. Let c be b(j). Suppose c = -h + 3*g - 2, -5*g + 14 - 4 = 0. What is the highest common factor of h and 4?
4
Suppose 30 + 0 = -6*b. Let r = 10 - 14. Let l = r - b. Calculate the highest common divisor of l and 11.
1
Let k be ((-28)/(-3))/(1/3). Let h be -2 - (-33 + (-12)/(-4)). Suppose x - h = -x. Calculate the highest common factor of x and k.
14
Let l be 51 + (1 - (7 - (-1 - -4))). What is the highest common divisor of l and 72?
24
Let p = -1 - -3. Let c be (-4)/5*5/(-2). Suppose -c = -s - 0*s. Calculate the greatest common factor of p and s.
2
Suppose -l = l - 24. Let o(z) = -3*z**3 - 5*z**2 + 2*z - 8. Let w be o(-4). What is the highest common factor of w and l?
12
Let p = -6 + 14. Let h be (0 - p)/(1 + -2). Calculate the highest common divisor of 72 and h.
8
Let s(o) = -3*o**2 + o**3 + 7*o**2 - 3*o**2 + 98. Let h be 2 + (-1)/(3/6). Let z be s(h). What is the highest common divisor of z and 14?
14
Suppose -98 = -9*r + 280. Calculate the greatest common factor of r and 105.
21
Let p(a) = a + 32. Let b be p(-13). What is the greatest common factor of 19 and b?
19
Suppose -3*w = -3 - 3. Suppose 0 = -2*m + 36 + 8. Calculate the greatest common factor of w and m.
2
Let n(v) = 11*v - 3. Let g be n(6). Calculate the greatest common factor of g and 7.
7
Let g(c) = 2*c**2 - 27*c + 4. Let v be g(16). What is the greatest common divisor of 24 and v?
12
Let t = 9 - 7. Suppose -4*m + t*y + 24 = y, -4*y = -m + 21. Suppose -4 + 64 = m*a. Calculate the highest common factor of 96 and a.
12
Suppose 0 = -5*n + w + 899, -5*w = -n - 2*w + 177. What is the highest common factor of 24 and n?
12
Let j be (88/(-10))/(2/(-20)). Suppose j = 3*o + 34. Let s = 1 - -1. Calculate the greatest common divisor of o and s.
2
Suppose y + 18 = -2*y. Let c be (9/y)/(2/(-12)). Let d(z) = z**3 - 3*z**2 + 3*z. Let w be d(3). Calculate the greatest common divisor of c and w.
9
Suppose -14 = -o + 4*u, -3*o - 2*o + 3*u = -104. Let i be 772/5 + 8/(-20). What is the highest common factor of i and o?
22
Suppose -2*u = 1 - 11. Suppose r - 2*z = -u*z + 17, -8 = r - 2*z. What is the highest common divisor of r and 18?
2
Let p be (-104)/10*(-30)/4. Suppose -p - 36 = -6*r. What is the highest common divisor of 95 and r?
19
Suppose -3*p - 6 - 30 = 0. Let b be p/10*90/(-4). Suppose b + 21 = 4*t. Calculate the greatest common divisor of t and 12.
12
Suppose -2*g = -4*w - 10, 2*g + g - 15 = 4*w. Let j be ((-104)/(-4))/(w + 2). What is the greatest common divisor of 26 and j?
13
Let o = 78 - 38. Let l(b) = -59*b**3 - 2*b - 1. Let z be l(-1). Calculate the highest common factor of o and z.
20
Let d(n) = -2*n + 2. Let c be d(-1). Calculate the highest common divisor of 16 and c.
4
Let t = -74 - -129. What is the highest common divisor of 15 and t?
5
Suppose 2*m + 2*m - 56 = 0. Suppose 4*t + 0*t = 56. Calculate the highest common factor of t and m.
14
Let i = 6 - 4. Let z = -14 + 17. Let v = z - -1. Calculate the greatest common factor of i and v.
2
Suppose 0 = 4*z + 5*s - 160, 2*z - s = 86 + 8. Calculate the highest common factor of 18 and z.
9
Let d be (-1 + 43)/((-16)/(-24)). What is the greatest common factor of 21 and d?
21
Let o(i) = 2*i**2 + 10*i + 2. Let w be o(-7). What is the greatest common factor of 10 and w?
10
Suppose 4*m - 5*i = 193, -2*m + 5*i - 25 = -114. What is the greatest common divisor of 130 and m?
26
Suppose -1267 - 1163 = -5*h. Suppose 2*y = -4*y + h. Calculate the highest common factor of y and 9.
9
Let d(j) = j**2 + 9*j + 33. Let a be d(-6). What is the highest common factor of a and 135?
15
Let l(y) = 38*y - 1. Let b be l(1). Suppose 19 + b = 4*q. What is the greatest common divisor of 126 and q?
14
Suppose 0 = -i - 2*s + 125, -5*s = i + 4*i - 620. Calculate the greatest common factor of i and 41.
41
Let a be ((-1)/2 - -1)*66. Let j = 53 - a. Calculate the highest common factor of j and 50.
10
Let b(k) = k**2 + 8*k + 3. Let f(m) = -m**3 + 7*m**2 - 8*m + 3. Let r be f(6). Let h be b(r). Calculate the greatest common factor of 18 and h.
6
Let i be (1 + 0)/(45/11 + -4). Calculate the highest common divisor of i and 11.
11
Let a = 0 + 1. Let n be 94/4 + a/2. Let i = 90 + -54. What is the greatest common factor of n and i?
12
Let p(i) = -28*i. Let c be p(12). Let z be ((-1)/2)/(7/c). Let b = -13 + z. Calculate the highest common divisor of 121 and b.
11
Let t = -7 + 17. Let o(a) = a**2 - 8*a - 12. Let m be o(t). Let g(i) = 3*i**2 - 3*i - 4. Let c be g(-3). Calculate the highest common factor of m and c.
8
Let p(n) = -n**3 - 6*n**2 - n + 5. Let g be p(-6). Suppose -g = k + 3*r, 5*k - 5*r + 4*r = 9. Let t = 7 - k. Calculate the highest common factor of t and 18.
6
Let x(p) = -p**2 - 7*p + 1. Suppose -35 = 3*r - 89. Let s be 7/(-3) + (-12)/r. Let f be x(s). Calculate the greatest common divisor of f and 13.
13
Let b(p) = -3*p**3 - 3*p**2 + 2. Let t be b(-2). Let m be 2 + (1 - -2) + -5. Suppose m*j = -4*j + 168. What is the greatest common divisor of t and j?
14
Suppose 2*z - 1 = 1. Let y be (54/(-24))/(z/(-4)). What is the highest common factor of y and 3?
3
Suppose 2*a - 22 = 2*m + 2*m, 3*a - 2*m - 17 = 0. Suppose -4*l - 71 = -3*o, -3*o + 4*l = -4*o + 13. Calculate the greatest common divisor of o and a.
3
Let z be (-32)/(-8) - 4/2. What is the highest common factor of 6 and z?
2
Suppose 4*v - 159 = 2*v - 3*g, 0 = -3*v - 3*g + 246. What is the greatest common factor of 29 and v?
29
Let t be (24/16)/((-2)/(-44)). Let x(a) = -34*a + 1. Let f be x(-1). Suppose c + 5*d - 45 = -17, -4*d = 5*c - f. What is the greatest common divisor of t and c?
3
Suppose 4 = -j + 5. Let r be 18 - (0 - (-2)/j). Calculate the highest common divisor of r and 128.
16
Let i be (85/(-6) - 10/(-60))*-2. Calculate the highest common divisor of i and 224.
28
Let b(z) = -z**2 - 5*z + 1. Let x be b(-5). Let w be x - (-1 - (1 - -57)). Let q be 2720/112 + 2/(-7). Calculate the highest common divisor of q and w.
12
Let g = -20 - -12. Let q be 12/(-16) - 118/g. Calculate the highest common divisor of q and 70.
14
Let w(x) = x**2 + 6*x. Let j be w(-9). Let v be (3/4)/(2/8). What is the highest common factor of v and j?
3
Let f(d) = d**2 + 10*d + 9. Let b be f(-9). Let u = 7 - 1. Suppose b*t - 3*t = -u. What is the highest common divisor of 14 and t?
2
Suppose 0 = -d - 1, 3*l - 3*d = -d + 86. Calculate the highest common divisor of 70 and l.
14
Let j(r) = 25*r + 2. Let m be j(2). Suppose 2*h = 4*b - 86, 2*b = -h + 5*h + m. What is the highest common factor of 50 and b?
10
Suppose -4*q = 5*y + 60, -36 = 4*y - y + 3*q. Let p = y - -87. Let v be (-32)/(-2) + 1/(-1). Calculate the greatest common factor of v and p.
15
Let h = 2 - -10. Let y be -2 + 0 + 3 + 11. Calculate the greatest common factor of h and y.
12
Suppose 2*m + p - 10 = -2*p, 0 = -2*m - p + 2. Let g be ((-567)/6)/(m/2). Let w = 61 - 40. What is the greatest common divisor of g and w?
21
Let q be 0/(-4) - (37 + 0). Let r = 60 + q. What is the greatest common divisor of 23 and r?
23
Let a be 4/(-18) - (-1454)/(-18). Suppose 3*h - 254 = 5*k, k + 2*h + 37 = -2*h. Let x = k - a. What is the greatest common divisor of x and 80?
16
Let j be (-2)/(-7) - 4/14. Suppose j*a = -2*a - 4. Let k be 9*a*(-1)/3. What is the greatest common factor of 12 and k?
6
Suppose 0 = z - 2*z - 21. Let w be ((-133)/z)/(2/6). Calculate the highest common factor of w and 152.
19
Let k(v) = 7*v**2 + 4*v + 2. Let z be k(-2). What is the